 hundreds digit of 234903616?
6
What is the thousands digit of 1624848574?
8
What is the billions digit of 1537756255?
1
What is the hundreds digit of 2158814279?
2
What is the hundreds digit of 321770009?
0
What is the hundred thousands digit of 112552322?
5
What is the millions digit of 139241497?
9
What is the ten thousands digit of 51684035?
8
What is the millions digit of 69724809?
9
What is the hundred thousands digit of 136382002?
3
What is the thousands digit of 502301371?
1
What is the hundreds digit of 2646843491?
4
What is the millions digit of 158717991?
8
What is the thousands digit of 4195871338?
1
What is the billions digit of 1759714422?
1
What is the hundred thousands digit of 34633208?
6
What is the tens digit of 2518243831?
3
What is the hundred thousands digit of 316331344?
3
What is the hundred thousands digit of 3237027?
2
What is the millions digit of 843587751?
3
What is the hundreds digit of 619795046?
0
What is the units digit of 4260006595?
5
What is the hundred thousands digit of 510387271?
3
What is the hundred millions digit of 138486575?
1
What is the tens digit of 591929910?
1
What is the tens digit of 56751881?
8
What is the hundred thousands digit of 1264350395?
3
What is the units digit of 7738264891?
1
What is the hundred thousands digit of 123273912?
2
What is the thousands digit of 5849940362?
0
What is the thousands digit of 28850046?
0
What is the ten millions digit of 269629052?
6
What is the ten thousands digit of 7868029?
6
What is the tens digit of 1769654266?
6
What is the hundred thousands digit of 193076336?
0
What is the thousands digit of 1323777348?
7
What is the hundred thousands digit of 107091484?
0
What is the millions digit of 723845550?
3
What is the hundred thousands digit of 244557462?
5
What is the hundred thousands digit of 57054124?
0
What is the hundred thousands digit of 3496362127?
3
What is the ten thousands digit of 4689127?
8
What is the hundred millions digit of 400457895?
4
What is the ten millions digit of 479432949?
7
What is the thousands digit of 117044133?
4
What is the hundred thousands digit of 383283713?
2
What is the tens digit of 44224733?
3
What is the millions digit of 1500474979?
0
What is the units digit of 26241562?
2
What is the ten millions digit of 675308458?
7
What is the hundred thousands digit of 1634439622?
4
What is the thousands digit of 26219744?
9
What is the ten thousands digit of 41389142?
8
What is the hundred thousands digit of 227710420?
7
What is the ten millions digit of 95670367?
9
What is the units digit of 1462979330?
0
What is the hundreds digit of 194879766?
7
What is the hundred thousands digit of 11639384?
6
What is the hundred thousands digit of 442982613?
9
What is the ten thousands digit of 64781023?
8
What is the hundreds digit of 1534644023?
0
What is the ten millions digit of 2641125374?
4
What is the units digit of 328603664?
4
What is the millions digit of 637164507?
7
What is the tens digit of 67074412?
1
What is the hundred millions digit of 345477750?
3
What is the tens digit of 5063191712?
1
What is the millions digit of 1458380501?
8
What is the ten thousands digit of 328681903?
8
What is the tens digit of 64219492?
9
What is the thousands digit of 15102537?
2
What is the units digit of 303100137?
7
What is the ten millions digit of 208363043?
0
What is the units digit of 35993760?
0
What is the millions digit of 784270741?
4
What is the hundred thousands digit of 3209873866?
8
What is the ten thousands digit of 259197577?
9
What is the hundred thousands digit of 36051017?
0
What is the hundreds digit of 89033425?
4
What is the ten millions digit of 2700947972?
0
What is the millions digit of 80918449?
0
What is the ten thousands digit of 849972140?
7
What is the millions digit of 5097460995?
7
What is the thousands digit of 45837014?
7
What is the ten thousands digit of 278189292?
8
What is the hundreds digit of 1211738923?
9
What is the ten millions digit of 788534435?
8
What is the billions digit of 4889048134?
4
What is the hundreds digit of 102550254?
2
What is the hundred thousands digit of 47448760?
4
What is the millions digit of 472561204?
2
What is the hundreds digit of 70808105?
1
What is the ten thousands digit of 7158939?
5
What is the billions digit of 1571096603?
1
What is the units digit of 438720445?
5
What is the ten millions digit of 17122429?
1
What is the units digit of 1442069818?
8
What is the ten millions digit of 294639982?
9
What is the hundreds digit of 132669713?
7
What is the hundred millions digit of 2698379036?
6
What is the millions digit of 328600124?
8
What is the units digit of 160132456?
6
What is the hundred millions digit of 138879080?
1
What is the thousands digit of 66984554?
4
What is the millions digit of 78007308?
8
What is the ten thousands digit of 156405178?
0
What is the ten millions digit of 4291142718?
9
What is the ten millions digit of 21594630?
2
What is the hundred thousands digit of 485217562?
2
What is the thousands digit of 4140342761?
2
What is the ten thousands digit of 21392539?
9
What is the ten thousands digit of 53751971?
5
What is the ten thousands digit of 47626118?
2
What is the tens digit of 21296537?
3
What is the billions digit of 1983356334?
1
What is the tens digit of 37605079?
7
What is the hundreds digit of 527884348?
3
What is the tens digit of 4073976693?
9
What is the units digit of 1061593312?
2
What is the hundreds digit of 1214387562?
5
What is the hundreds digit of 559321058?
0
What is the ten millions digit of 254259654?
5
What is the hundreds digit of 488903311?
3
What is the millions digit of 4455711330?
5
What is the thousands digit of 129076836?
6
What is the hundreds digit of 743023621?
6
What is the ten thousands digit of 1175386?
7
What is the ten thousands digit of 778571735?
7
What is the hundred millions digit of 102658861?
1
What is the tens digit of 2414117159?
5
What is the thousands digit of 605210373?
0
What is the ten thousands digit of 43652733?
5
What is the hundreds digit of 20401647?
6
What is the thousands digit of 85721698?
1
What is the hundred millions digit of 120516193?
1
What is the hundred millions digit of 311364779?
3
What is the ten millions digit of 35928194?
3
What is the tens digit of 57533605?
0
What is the tens digit of 42198986?
8
What is the hundred thousands digit of 10707674?
7
What is the millions digit of 2148700?
2
What is the units digit of 132277041?
1
What is the ten thousands digit of 125541542?
4
What is the hundred millions digit of 730638286?
7
What is the thousands digit of 6946316044?
6
What is the ten thousands digit of 560921223?
2
What is the ten millions digit of 292943375?
9
What is the ten thousands digit of 40824692?
2
What is the units digit of 9044432?
2
What is the millions digit of 761974483?
1
What is the units digit of 78953977?
7
What is the units digit of 7226134?
4
What is the ten millions digit of 169954605?
6
What is the units digit of 218891336?
6
What is the millions digit of 208433763?
8
What is the ten thousands digit of 72989896?
8
What is the hundred millions digit of 690467087?
6
What is the hundreds digit of 51650462?
4
What is the millions digit of 29192570?
9
What is the hundred thousands digit of 46954288?
9
What is the hundred thousands digit of 35114511?
1
What is the ten thousands digit of 429873272?
7
What is the ten millions digit of 1663736518?
6
What is the hundred thousands digit of 93680243?
6
What is the millions digit of 199587132?
9
What is the units digit of 40420206?
6
What is the ten millions digit of 7786883655?
8
What is the millions digit of 22999512?
2
What is the units digit of 137918618?
8
What is the hundred millions digit of 307696043?
3
What is the millions digit of 7335736722?
5
What is the tens digit of 411574418?
1
What is the hundred thousands digit of 240251551?
2
What is the hundred millions digit of 157920832?
1
What is the ten millions digit of 883521640?
8
What is the millions digit of 90884671?
0
What is the millions digit of 6689172?
6
What is the hundred thousands digit of 17130438?
1
What is the hundreds digit of 704480529?
5
What is the units digit of 322978987?
7
What is the millions digit of 276079822?
6
What is the milli